culate the remainder when 32 is divided by 5.
2
Calculate the remainder when 136 is divided by 28.
24
What is the remainder when 1476 is divided by 32?
4
What is the remainder when 64 is divided by 6?
4
What is the remainder when 554 is divided by 12?
2
What is the remainder when 65 is divided by 49?
16
Calculate the remainder when 23 is divided by 8.
7
Calculate the remainder when 1977 is divided by 48.
9
Calculate the remainder when 77 is divided by 27.
23
Calculate the remainder when 9411 is divided by 100.
11
What is the remainder when 4214 is divided by 51?
32
Calculate the remainder when 180 is divided by 23.
19
What is the remainder when 7 is divided by 1?
0
What is the remainder when 170 is divided by 39?
14
Calculate the remainder when 44 is divided by 39.
5
Calculate the remainder when 305 is divided by 49.
11
Calculate the remainder when 532 is divided by 18.
10
What is the remainder when 411 is divided by 140?
131
What is the remainder when 123 is divided by 14?
11
What is the remainder when 149 is divided by 65?
19
What is the remainder when 1230 is divided by 13?
8
What is the remainder when 195 is divided by 99?
96
What is the remainder when 2597 is divided by 38?
13
Calculate the remainder when 35 is divided by 9.
8
Calculate the remainder when 1973 is divided by 99.
92
What is the remainder when 1741 is divided by 46?
39
Calculate the remainder when 49247 is divided by 197.
194
What is the remainder when 83 is divided by 79?
4
Calculate the remainder when 605 is divided by 38.
35
What is the remainder when 502 is divided by 28?
26
Calculate the remainder when 14614 is divided by 348.
346
What is the remainder when 137 is divided by 35?
32
Calculate the remainder when 16630 is divided by 21.
19
What is the remainder when 253 is divided by 91?
71
Calculate the remainder when 592 is divided by 35.
32
What is the remainder when 4318 is divided by 25?
18
Calculate the remainder when 1239 is divided by 247.
4
What is the remainder when 23055 is divided by 18?
15
Calculate the remainder when 260 is divided by 54.
44
What is the remainder when 18 is divided by 10?
8
What is the remainder when 57 is divided by 54?
3
What is the remainder when 187 is divided by 57?
16
Calculate the remainder when 2921 is divided by 28.
9
What is the remainder when 105 is divided by 45?
15
Calculate the remainder when 67296 is divided by 77.
75
What is the remainder when 175 is divided by 75?
25
What is the remainder when 151 is divided by 38?
37
Calculate the remainder when 9527 is divided by 12.
11
What is the remainder when 31347 is divided by 110?
107
Calculate the remainder when 170 is divided by 52.
14
Calculate the remainder when 6551 is divided by 28.
27
What is the remainder when 256 is divided by 26?
22
What is the remainder when 3720 is divided by 14?
10
Calculate the remainder when 2450 is divided by 68.
2
Calculate the remainder when 407 is divided by 107.
86
What is the remainder when 1990 is divided by 279?
37
What is the remainder when 2916 is divided by 6?
0
What is the remainder when 404 is divided by 137?
130
What is the remainder when 1143 is divided by 311?
210
Calculate the remainder when 1655 is divided by 24.
23
What is the remainder when 586 is divided by 98?
96
What is the remainder when 47941 is divided by 13?
10
Calculate the remainder when 4308 is divided by 537.
12
Calculate the remainder when 2116 is divided by 21.
16
What is the remainder when 105 is divided by 15?
0
What is the remainder when 55 is divided by 7?
6
What is the remainder when 398 is divided by 284?
114
Calculate the remainder when 169 is divided by 58.
53
Calculate the remainder when 527 is divided by 24.
23
Calculate the remainder when 116 is divided by 13.
12
What is the remainder when 3281 is divided by 7?
5
Calculate the remainder when 1712 is divided by 6.
2
Calculate the remainder when 177 is divided by 18.
15
Calculate the remainder when 42 is divided by 23.
19
Calculate the remainder when 119 is divided by 70.
49
What is the remainder when 773 is divided by 195?
188
What is the remainder when 155 is divided by 20?
15
What is the remainder when 492 is divided by 170?
152
What is the remainder when 13552 is divided by 54?
52
Calculate the remainder when 762 is divided by 370.
22
What is the remainder when 1332 is divided by 89?
86
What is the remainder when 3416 is divided by 171?
167
Calculate the remainder when 276 is divided by 73.
57
What is the remainder when 198 is divided by 70?
58
What is the remainder when 439 is divided by 17?
14
What is the remainder when 1802 is divided by 11?
9
Calculate the remainder when 1137 is divided by 190.
187
What is the remainder when 108 is divided by 13?
4
What is the remainder when 1639 is divided by 20?
19
Calculate the remainder when 132 is divided by 69.
63
Calculate the remainder when 110 is divided by 14.
12
Calculate the remainder when 80 is divided by 38.
4
What is the remainder when 70 is divided by 18?
16
What is the remainder when 1478 is divided by 37?
35
Calculate the remainder when 242 is divided by 43.
27
Calculate the remainder when 261 is divided by 116.
29
Calculate the remainder when 39455 is divided by 218.
215
Calculate the remainder when 597 is divided by 97.
15
What is the remainder when 20216 is divided by 20?
16
What is the remainder when 283 is divided by 41?
37
What is the remainder when 4497 is divided by 9?
6
Calculate the remainder when 1224 is divided by 155.
139
Calculate the remainder when 853 is divided by 45.
43
What is the remainder when 119 is divided by 24?
23
What is the remainder when 686 is divided by 115?
111
Calculate the remainder when 1724 is divided by 192.
188
Calculate the remainder when 137 is divided by 50.
37
Calculate the remainder when 522 is divided by 41.
30
Calculate the remainder when 143 is divided by 74.
69
Calculate the remainder when 473 is divided by 48.
41
What is the remainder when 27 is divided by 16?
11
What is the remainder when 1186 is divided by 539?
108
Calculate the remainder when 68015 is divided by 52.
51
Calculate the remainder when 154 is divided by 37.
6
What is the remainder when 1266 is divided by 5?
1
Calculate the remainder when 1186 is divided by 33.
31
What is the remainder when 299 is divided by 6?
5
What is the remainder when 156 is divided by 47?
15
Calculate the remainder when 144 is divided by 75.
69
Calculate the remainder when 6486 is divided by 55.
51
What is the remainder when 319 is divided by 13?
7
What is the remainder when 14725 is divided by 199?
198
What is the remainder when 860 is divided by 52?
28
What is the remainder when 970 is divided by 36?
34
What is the remainder when 110 is divided by 55?
0
Calculate the remainder when 128 is divided by 22.
18
What is the remainder when 225 is divided by 2?
1
What is the remainder when 3204 is divided by 71?
9
Calculate the remainder when 236 is divided by 16.
12
Calculate the remainder when 2439 is divided by 61.
60
What is the remainder when 462 is divided by 118?
108
Calculate the remainder when 109 is divided by 23.
17
What is the remainder when 18172 is divided by 233?
231
What is the remainder when 57 is divided by 40?
17
What is the remainder when 207 is divided by 15?
12
What is the remainder when 145 is divided by 2?
1
What is the remainder when 170 is divided by 99?
71
Calculate the remainder when 8 is divided by 3.
2
Calculate the remainder when 311 is divided by 20.
11
Calculate the remainder when 251 is divided by 36.
35
What is the remainder when 1691 is divided by 40?
11
Calculate the remainder when 74 is divided by 14.
4
What is the remainder when 553 is divided by 81?
67
Calculate the remainder when 576 is divided by 141.
12
What is the remainder when 156 is divided by 54?
48
Calculate the remainder when 910 is divided by 24.
22
What is the remainder when 845 is divided by 280?
5
Calculate the remainder when 11382 is divided by 407.
393
What is the remainder when 149 is divided by 23?
11
Calculate the remainder when 114 is divided by 45.
24
Calculate the remainder when 2124 is divided by 66.
12
Calculate the remainder when 1136 is divided by 88.
80
Calculate the remainder when 162 is divided by 14.
8
Calculate the remainder when 881 is divided by 26.